ommon factor of 1008 and 63?
63
What is the highest common divisor of 1176 and 105?
21
What is the greatest common divisor of 3575 and 143?
143
Calculate the highest common factor of 2 and 12180.
2
Calculate the greatest common divisor of 6540 and 60.
60
What is the highest common divisor of 5 and 1985?
5
What is the highest common divisor of 2682 and 414?
18
What is the highest common factor of 10846 and 34?
34
Calculate the greatest common factor of 328 and 5986.
82
Calculate the highest common factor of 294 and 336.
42
What is the highest common factor of 6696 and 12?
12
Calculate the greatest common divisor of 762 and 6.
6
What is the greatest common factor of 105 and 9996?
21
Calculate the highest common divisor of 3008 and 94.
94
Calculate the greatest common factor of 231 and 2478.
21
What is the highest common divisor of 111 and 99?
3
Calculate the highest common divisor of 38312 and 8.
8
What is the greatest common divisor of 1326 and 39?
39
What is the greatest common divisor of 10 and 510?
10
Calculate the highest common divisor of 207 and 18.
9
Calculate the highest common divisor of 10185 and 735.
105
What is the highest common divisor of 28 and 266?
14
Calculate the greatest common factor of 37 and 79069.
37
What is the highest common factor of 1920 and 2760?
120
What is the greatest common factor of 33 and 33?
33
What is the greatest common divisor of 23953 and 17?
17
Calculate the highest common divisor of 1800 and 108.
36
What is the greatest common factor of 90 and 126?
18
Calculate the greatest common factor of 2629 and 22.
11
What is the greatest common factor of 87 and 75?
3
Calculate the highest common factor of 1800 and 480.
120
What is the greatest common divisor of 16 and 272?
16
Calculate the highest common factor of 485 and 5.
5
Calculate the greatest common factor of 145 and 20.
5
Calculate the greatest common divisor of 5 and 2.
1
Calculate the greatest common factor of 1404 and 52.
52
What is the highest common divisor of 770 and 10?
10
Calculate the greatest common divisor of 1188 and 88.
44
Calculate the highest common factor of 1147 and 111.
37
What is the greatest common divisor of 408 and 18?
6
What is the greatest common factor of 48 and 3048?
24
What is the greatest common factor of 4 and 29?
1
What is the greatest common divisor of 65 and 10361?
13
What is the greatest common factor of 125 and 605?
5
Calculate the highest common factor of 3744 and 221.
13
Calculate the greatest common factor of 95 and 589.
19
What is the highest common factor of 81 and 225?
9
What is the greatest common divisor of 10 and 184?
2
What is the greatest common factor of 847 and 363?
121
Calculate the greatest common factor of 2 and 1.
1
Calculate the greatest common factor of 1566 and 1218.
174
Calculate the greatest common factor of 1742 and 402.
134
Calculate the highest common divisor of 8000 and 40.
40
Calculate the highest common factor of 153 and 17.
17
Calculate the highest common divisor of 170 and 578.
34
Calculate the highest common factor of 504 and 2408.
56
Calculate the highest common factor of 16 and 192.
16
Calculate the highest common divisor of 1110 and 300.
30
What is the greatest common divisor of 2299 and 121?
121
What is the greatest common factor of 24 and 1712?
8
What is the greatest common divisor of 22018 and 202?
202
Calculate the highest common factor of 250 and 2.
2
Calculate the greatest common divisor of 16867 and 101.
101
What is the highest common divisor of 1276 and 22?
22
Calculate the highest common divisor of 1288 and 23.
23
What is the greatest common divisor of 9 and 2529?
9
Calculate the greatest common divisor of 1720 and 320.
40
Calculate the greatest common factor of 5371 and 41.
41
Calculate the greatest common factor of 3123 and 9.
9
Calculate the greatest common factor of 186 and 1023.
93
Calculate the highest common divisor of 699 and 3.
3
What is the highest common factor of 2 and 326?
2
What is the highest common divisor of 1377 and 51?
51
Calculate the greatest common divisor of 128 and 80.
16
Calculate the highest common divisor of 3568 and 16.
16
Calculate the greatest common divisor of 78 and 858.
78
Calculate the highest common divisor of 43 and 1.
1
What is the highest common divisor of 720 and 80?
80
What is the highest common factor of 48 and 1456?
16
Calculate the highest common factor of 48896 and 128.
128
What is the highest common factor of 56 and 632?
8
What is the greatest common factor of 70 and 245?
35
What is the greatest common divisor of 1600 and 550?
50
Calculate the highest common factor of 121 and 99.
11
What is the highest common factor of 30 and 42?
6
Calculate the greatest common factor of 154 and 2324.
14
Calculate the highest common factor of 54 and 702.
54
What is the greatest common divisor of 121 and 1?
1
What is the greatest common divisor of 4144 and 224?
112
Calculate the greatest common divisor of 17 and 153.
17
What is the highest common factor of 55 and 44?
11
What is the greatest common factor of 323 and 39729?
323
Calculate the highest common divisor of 9 and 12.
3
Calculate the highest common divisor of 50 and 450.
50
Calculate the highest common factor of 3 and 2031.
3
What is the highest common divisor of 611 and 376?
47
What is the highest common factor of 243 and 18?
9
What is the greatest common divisor of 1196 and 184?
92
Calculate the highest common factor of 544 and 680.
136
What is the greatest common factor of 45 and 1065?
15
Calculate the greatest common factor of 6407 and 172.
43
What is the greatest common divisor of 728 and 1274?
182
Calculate the highest common divisor of 135 and 351.
27
Calculate the highest common factor of 13 and 299.
13
Calculate the greatest common divisor of 5 and 335.
5
What is the highest common factor of 6 and 186?
6
What is the greatest common divisor of 640 and 40?
40
What is the greatest common factor of 116 and 638?
58
What is the greatest common divisor of 1827 and 189?
63
What is the highest common divisor of 134 and 2?
2
What is the greatest common factor of 4572 and 60?
12
Calculate the greatest common divisor of 247 and 57.
19
Calculate the highest common factor of 4662 and 42.
42
Calculate the highest common divisor of 297 and 605.
11
Calculate the greatest common divisor of 68 and 119.
17
What is the greatest common factor of 20 and 28?
4
What is the highest common factor of 320 and 720?
80
Calculate the highest common divisor of 117 and 351.
117
Calculate the greatest common factor of 4 and 50.
2
Calculate the highest common factor of 747 and 2407.
83
Calculate the highest common factor of 268 and 23852.
268
What is the greatest common factor of 216 and 28?
4
What is the highest common divisor of 39 and 416?
13
What is the highest common divisor of 4365 and 6?
3
What is the highest common divisor of 36 and 1524?
12
Calculate the greatest common divisor of 10071 and 27.
27
What is the greatest common divisor of 44 and 946?
22
What is the highest common factor of 384 and 48?
48
What is the greatest common divisor of 13 and 273?
13
What is the greatest common divisor of 777 and 9583?
259
What is the greatest common divisor of 19023 and 51?
51
What is the greatest common factor of 28 and 287?
7
What is the highest common divisor of 21 and 287?
7
What is the highest common factor of 4526 and 124?
62
What is the greatest common divisor of 1800 and 4140?
180
What is the greatest common divisor of 90 and 3258?
18
Calculate the greatest common divisor of 924 and 726.
66
What is the greatest common factor of 39 and 21?
3
What is the greatest common divisor of 14469 and 42?
21
Calculate the highest common divisor of 21844 and 172.
172
Calculate the greatest common divisor of 350 and 900.
50
Calculate the highest common divisor of 156 and 48.
12
Calculate the highest common factor of 3 and 111.
3
What is the greatest common factor of 243 and 18?
9
Calculate the highest common divisor of 5460 and 84.
84
Calculate the highest common divisor of 459 and 243.
27
What is the highest common divisor of 741 and 299?
13
Calculate the greatest common factor of 12 and 1086.
6
Calculate the greatest common factor of 72242 and 82.
82
Calculate the greatest common factor of 4212 and 52.
52
Calculate the highest 